{"id":102,"date":"2019-04-01T04:52:14","date_gmt":"2019-04-01T04:52:14","guid":{"rendered":"http:\/\/www.telydata.ec\/?page_id=102"},"modified":"2019-05-03T00:10:41","modified_gmt":"2019-05-03T00:10:41","slug":"preguntas-frecuentes","status":"publish","type":"page","link":"http:\/\/www.telydata.ec\/?page_id=102","title":{"rendered":"Preguntas Frecuentes"},"content":{"rendered":"<p>[et_pb_section fb_built=&#8221;1&#8243; fullwidth=&#8221;on&#8221; _builder_version=&#8221;3.22.3&#8243; background_position=&#8221;top_center&#8221;][et_pb_fullwidth_slider show_pagination=&#8221;off&#8221; module_class=&#8221;top_slide top_slide_blue&#8221; _builder_version=&#8221;3.22.5&#8243; header_font=&#8221;||||||||&#8221; body_font=&#8221;||||||||&#8221; custom_button=&#8221;on&#8221; button_text_color=&#8221;#891333&#8243; button_bg_color=&#8221;rgba(255,255,255,0.9)&#8221; button_font=&#8221;|700|||||||&#8221;][et_pb_slide button_text=&#8221;Ver m\u00e1s&#8221; use_bg_overlay=&#8221;on&#8221; use_text_overlay=&#8221;on&#8221; text_overlay_color=&#8221;rgba(56,130,175,0.8)&#8221; _builder_version=&#8221;3.22.5&#8243; header_font=&#8221;Prompt|200|||||||solid&#8221; header_font_size=&#8221;30px&#8221; header_letter_spacing=&#8221;1px&#8221; body_font=&#8221;Prompt|100|||||||&#8221; body_text_color=&#8221;#efefef&#8221; body_font_size=&#8221;18px&#8221; body_letter_spacing=&#8221;0px&#8221; background_color=&#8221;rgba(255,255,255,0)&#8221; background_image=&#8221;http:\/\/www.telydata.ec\/wp-content\/uploads\/2019\/05\/second.jpg&#8221; parallax=&#8221;on&#8221; parallax_method=&#8221;off&#8221; custom_css_slide_title=&#8221;border-bottom:1px solid;||max-width:60%;||margin: 0px auto 10px auto;||&#8221; custom_css_slide_button=&#8221;visibility:hidden;&#8221;]Somos pasi\u00f3n. Creemos que la fuerza y que el poder del conocimiento son las mejores gu\u00edas para conducir la labor de transmitir datos y conectar.[\/et_pb_slide][\/et_pb_fullwidth_slider][\/et_pb_section][et_pb_section fb_built=&#8221;1&#8243; _builder_version=&#8221;3.22.4&#8243; custom_padding=&#8221;||0px|||&#8221;][et_pb_row _builder_version=&#8221;3.22.4&#8243;][et_pb_column type=&#8221;4_4&#8243; _builder_version=&#8221;3.22.4&#8243;][et_pb_text _builder_version=&#8221;3.22.4&#8243; text_font=&#8221;||||||||&#8221; header_font=&#8221;Prompt||||||||&#8221; header_font_size=&#8221;42px&#8221; border_width_top=&#8221;2px&#8221; border_color_top=&#8221;#125f9e&#8221; border_width_bottom=&#8221;2px&#8221; border_color_bottom=&#8221;#125f9e&#8221; max_width=&#8221;70%&#8221; module_alignment=&#8221;left&#8221; custom_padding=&#8221;0px||0px||true&#8221;]<\/p>\n<h1>Preguntas frecuentes<\/h1>\n<p>[\/et_pb_text][et_pb_accordion closed_toggle_text_color=&#8221;#0c71c3&#8243; closed_toggle_background_color=&#8221;#cecece&#8221; icon_color=&#8221;#0c71c3&#8243; _builder_version=&#8221;3.22.5&#8243; toggle_font=&#8221;|700|||||||&#8221;][et_pb_accordion_item title=&#8221;\u00bfQu\u00e9 es banda ancha?&#8221; open=&#8221;on&#8221; _builder_version=&#8221;3.22.5&#8243; title_text_shadow_horizontal_length=&#8221;0em&#8221; title_text_shadow_vertical_length=&#8221;0em&#8221; title_text_shadow_blur_strength=&#8221;0em&#8221; body_text_shadow_horizontal_length=&#8221;0em&#8221; body_text_shadow_vertical_length=&#8221;0em&#8221; body_text_shadow_blur_strength=&#8221;0em&#8221;]En telecomunicaciones, se conoce como banda ancha a la red \u2212de cualquier tipo\u2212 que tiene una elevada capacidad para transportar informaci\u00f3n que incide en la velocidad de transmisi\u00f3n de esta. As\u00ed entonces, es la transmisi\u00f3n de datos sim\u00e9tricos por la cual se env\u00edan simult\u00e1neamente varias piezas de informaci\u00f3n, con el objeto de incrementar la velocidad de transmisi\u00f3n efectiva (1).<\/p>\n<p>(1) Ref. Wikipedia (Diciembre, 2018). [\/et_pb_accordion_item][et_pb_accordion_item title=&#8221;\u00bfQu\u00e9 es compartici\u00f3n de ancho de banda?&#8221; open=&#8221;off&#8221; _builder_version=&#8221;3.22.5&#8243; title_text_shadow_horizontal_length=&#8221;0em&#8221; title_text_shadow_vertical_length=&#8221;0em&#8221; title_text_shadow_blur_strength=&#8221;0em&#8221; body_text_shadow_horizontal_length=&#8221;0em&#8221; body_text_shadow_vertical_length=&#8221;0em&#8221; body_text_shadow_blur_strength=&#8221;0em&#8221;]<\/p>\n<p>La compartici\u00f3n de ancho de banda o Internet Compartido se refiere al n\u00famero de clientes que se pueden conectar a un mismo medio de transmisi\u00f3n.<br \/>Por ejemplo:<\/p>\n<p>1. El cliente contrata un enlace de 1024 Kbps con compartici\u00f3n 1:1, en este caso, el canal es de uso exclusivo del cliente. Se garantiza de modo permanente un ancho de banda de 1024 kbps.<\/p>\n<p>2. El cliente contrata un enlace de 1024 kbps con compartici\u00f3n 1:2, en este caso, es de uso compartido y se garantiza horas m\u00e1ximas de uso, un ancho de banda de 512 kbps (2)<\/p>\n<p>(2) Ref. Power Net (Diciembre, 2018).<\/p>\n<p>[\/et_pb_accordion_item][et_pb_accordion_item title=&#8221;\u00bfCu\u00e1les son las recomendaciones para el uso seguro de Internet?&#8221; open=&#8221;off&#8221; _builder_version=&#8221;3.22.5&#8243; title_text_shadow_horizontal_length=&#8221;0em&#8221; title_text_shadow_vertical_length=&#8221;0em&#8221; title_text_shadow_blur_strength=&#8221;0em&#8221; body_text_shadow_horizontal_length=&#8221;0em&#8221; body_text_shadow_vertical_length=&#8221;0em&#8221; body_text_shadow_blur_strength=&#8221;0em&#8221;]<\/p>\n<ul>\n<li>En primer lugar, determinar contrase\u00f1as \u2212personales e intransferibles\u2212, que reduzcan el nivel de vulnerabilidad.<\/li>\n<li>Cambiar las contrase\u00f1as en un periodo de tiempo reducido, de mayor longitud y empleando la uni\u00f3n de caracteres diferentes del alfabeto.<\/li>\n<li>En segundo lugar, reducir los intentos de fraudes evitando responder cadenas de mensajes o dando clic a los\u00a0anuncios (pop-up ads).<\/li>\n<li>No compartir informaci\u00f3n financiera en sitios desconocidos, y los datos personales propios de\u00a0actualizaci\u00f3n que llevan a enlaces a otros portales de la web. Recordar que las entidades bancarias no solicitan n\u00fameros secretos por medio del correo, \u00fanicamente, a trav\u00e9s de sus portales propios.\u00a0Es recomendable tambi\u00e9n estar en el dispositivo mientras se realice una transacci\u00f3n y pulsar la opci\u00f3n de salir.<\/li>\n<li>Observar que la direcci\u00f3n comience con https:\/\/ (incluida la letra s) y evitar abrir los archivos adjuntos de mensajes desconocidos.<\/li>\n<li>Los menores de edad pueden estar a expuestos a material vulnerable. Para esto, los adultos pueden aconsejar que no compartan informaci\u00f3n personal en la Web, as\u00ed como fotograf\u00edas y acepten encuentros con personas que hayan conocido en l\u00ednea.<\/li>\n<li>Se sugiere bloquear el acceso a las p\u00e1ginas con censura y a los foros privados;\u00a0monitorear la direcci\u00f3n de correo de los menores; crear listas de favoritos con los sitios m\u00e1s visitados y situar el ordenador en un lugar abierto.<\/li>\n<li>As\u00ed mismo, supervisar el estado de cuenta de la tarjeta y de la factura de servicios de internet puede ayudar a observar el comportamiento de los menores en la Web.<\/li>\n<li>Por \u00faltimo, es primordial desactivar el uso de cookies para prevenir la recolecci\u00f3n de datos.<\/li>\n<\/ul>\n<p>[\/et_pb_accordion_item][et_pb_accordion_item title=&#8221;\u00bfQu\u00e9 es GPON?&#8221; open=&#8221;off&#8221; _builder_version=&#8221;3.22.5&#8243; title_text_shadow_horizontal_length=&#8221;0em&#8221; title_text_shadow_vertical_length=&#8221;0em&#8221; title_text_shadow_blur_strength=&#8221;0em&#8221; body_text_shadow_horizontal_length=&#8221;0em&#8221; body_text_shadow_vertical_length=&#8221;0em&#8221; body_text_shadow_blur_strength=&#8221;0em&#8221;]La Red \u00d3ptica Pasiva con Capacidad de Gigabit GPON \u2212Gigabit-capable Passive Optical Network en ingl\u00e9s\u2212 es una tecnolog\u00eda de acceso de telecomunicaciones que utiliza fibra \u00f3ptica para llegar hasta el suscriptor (1).<\/p>\n<p>(1) Ref. GPON (Octubre, 2018).[\/et_pb_accordion_item][et_pb_accordion_item title=&#8221;\u00bfQu\u00e9 es Fibra \u00d3ptica?&#8221; open=&#8221;off&#8221; _builder_version=&#8221;3.22.5&#8243; title_text_shadow_horizontal_length=&#8221;0em&#8221; title_text_shadow_vertical_length=&#8221;0em&#8221; title_text_shadow_blur_strength=&#8221;0em&#8221; body_text_shadow_horizontal_length=&#8221;0em&#8221; body_text_shadow_vertical_length=&#8221;0em&#8221; body_text_shadow_blur_strength=&#8221;0em&#8221;]<\/p>\n<p>Una fibra \u00f3ptica es una fibra flexible, transparente hecha al embutir o extruir el vidrio (s\u00edlice) o pl\u00e1stico en un di\u00e1metro\u00a0ligeramente m\u00e1s grueso que el de un pelo humano. Las fibras \u00f3pticas se utilizan m\u00e1s com\u00fanmente como un medio\u00a0para transmitir luz entre dos puntas de una fibra y tienen un amplio uso en las comunicaciones por fibra \u00f3ptica, donde\u00a0permiten la transmisi\u00f3n en distancias y en un ancho de banda (velocidad de datos) m\u00e1s grandes que los cables<br \/> el\u00e9ctricos (2)<\/p>\n<p>(2) Fibra \u00f3ptica (Diciembre, 2018).<\/p>\n<p>[\/et_pb_accordion_item][\/et_pb_accordion][\/et_pb_column][\/et_pb_row][\/et_pb_section][et_pb_section fb_built=&#8221;1&#8243; _builder_version=&#8221;3.22.4&#8243; background_color=&#8221;#d2d4d2&#8243; custom_padding=&#8221;0px|||||&#8221; global_module=&#8221;374&#8243; saved_tabs=&#8221;all&#8221;][et_pb_row use_custom_gutter=&#8221;on&#8221; custom_padding=&#8221;26.2188px|0px|0|0px|false|false&#8221; _builder_version=&#8221;3.22.3&#8243;][et_pb_column type=&#8221;4_4&#8243; _builder_version=&#8221;3.19.18&#8243;][et_pb_text _builder_version=&#8221;3.21.1&#8243; text_font=&#8221;||||||||&#8221; header_font=&#8221;||||||||&#8221; header_3_font=&#8221;Prompt||on||||||&#8221; header_3_text_align=&#8221;center&#8221; header_3_text_color=&#8221;#125f9e&#8221; header_3_font_size=&#8221;26px&#8221;]<\/p>\n<h3>Su conexi\u00f3n: nuestro objetivo<\/h3>\n<p>[\/et_pb_text][\/et_pb_column][\/et_pb_row][et_pb_row use_custom_gutter=&#8221;on&#8221; _builder_version=&#8221;3.22.3&#8243;][et_pb_column type=&#8221;1_4&#8243; _builder_version=&#8221;3.19.18&#8243;][et_pb_text _builder_version=&#8221;3.22.4&#8243; text_font=&#8221;|700|||||||&#8221; text_text_color=&#8221;#891333&#8243; header_font=&#8221;Prompt|700|||||||&#8221; header_text_align=&#8221;center&#8221; header_text_color=&#8221;#891333&#8243; header_font_size=&#8221;36px&#8221; header_4_font=&#8221;|700|||||||&#8221; header_5_font=&#8221;|700|||||||&#8221; header_5_text_color=&#8221;#891333&#8243; border_width_top=&#8221;2px&#8221; border_color_top=&#8221;#891333&#8243; border_width_bottom=&#8221;2px&#8221; border_color_bottom=&#8221;#891333&#8243; text_orientation=&#8221;center&#8221;]<\/p>\n<h1>880<\/h1>\n<h5>Proyectos de instalaci\u00f3n de fibra \u00f3ptica<\/h5>\n<p>[\/et_pb_text][\/et_pb_column][et_pb_column type=&#8221;1_4&#8243; _builder_version=&#8221;3.19.18&#8243;][et_pb_text _builder_version=&#8221;3.22.4&#8243; text_font=&#8221;|700|||||||&#8221; text_text_color=&#8221;#125f9e&#8221; header_font=&#8221;Prompt|700|||||||&#8221; header_text_align=&#8221;center&#8221; header_text_color=&#8221;#125f9e&#8221; header_font_size=&#8221;34px&#8221; header_4_font=&#8221;|700|||||||&#8221; header_5_font=&#8221;|700|||||||&#8221; header_5_text_color=&#8221;#125f9e&#8221; border_width_top=&#8221;2px&#8221; border_color_top=&#8221;#125f9e&#8221; border_width_bottom=&#8221;2px&#8221; border_color_bottom=&#8221;#125f9e&#8221; text_orientation=&#8221;center&#8221;]<\/p>\n<h1>150<\/h1>\n<h5>Proyectos<br \/>ejecutados<br \/>en el 2017<\/h5>\n<p>[\/et_pb_text][\/et_pb_column][et_pb_column type=&#8221;1_4&#8243; _builder_version=&#8221;3.19.18&#8243;][et_pb_text _builder_version=&#8221;3.22.4&#8243; text_font=&#8221;|700|||||||&#8221; text_text_color=&#8221;#891333&#8243; header_font=&#8221;Prompt|700|||||||&#8221; header_text_align=&#8221;center&#8221; header_text_color=&#8221;#891333&#8243; header_font_size=&#8221;36px&#8221; header_4_font=&#8221;|700|||||||&#8221; header_5_font=&#8221;|700|||||||&#8221; header_5_text_color=&#8221;#891333&#8243; border_width_top=&#8221;2px&#8221; border_color_top=&#8221;#891333&#8243; border_width_bottom=&#8221;2px&#8221; border_color_bottom=&#8221;#891333&#8243; text_orientation=&#8221;center&#8221;]<\/p>\n<h1>50<\/h1>\n<h5>Proyectos<br \/>ejecutados en\u00a0<br \/>2018<\/h5>\n<p>[\/et_pb_text][\/et_pb_column][et_pb_column type=&#8221;1_4&#8243; _builder_version=&#8221;3.19.18&#8243;][et_pb_text _builder_version=&#8221;3.22.4&#8243; text_font=&#8221;|700|||||||&#8221; text_text_color=&#8221;#125f9e&#8221; header_font=&#8221;Prompt|700|||||||&#8221; header_text_align=&#8221;center&#8221; header_text_color=&#8221;#125f9e&#8221; header_font_size=&#8221;34px&#8221; header_4_font=&#8221;|700|||||||&#8221; header_5_font=&#8221;|700|||||||&#8221; header_5_text_color=&#8221;#125f9e&#8221; header_5_line_height=&#8221;2.2em&#8221; border_width_top=&#8221;2px&#8221; border_color_top=&#8221;#125f9e&#8221; border_width_bottom=&#8221;2px&#8221; border_color_bottom=&#8221;#125f9e&#8221; text_orientation=&#8221;center&#8221;]<\/p>\n<h5>Bodegas<br \/>\ndistribuidas en todo el pa\u00eds para reducir costos en log\u00edstica.<\/h5>\n<p>[\/et_pb_text][\/et_pb_column][\/et_pb_row][\/et_pb_section][et_pb_section fb_built=&#8221;1&#8243; _builder_version=&#8221;3.19.18&#8243; background_color=&#8221;#125f9e&#8221; global_module=&#8221;176&#8243; saved_tabs=&#8221;all&#8221;][et_pb_row use_custom_gutter=&#8221;on&#8221; gutter_width=&#8221;1&#8243; make_equal=&#8221;on&#8221; _builder_version=&#8221;3.22.3&#8243; width=&#8221;90%&#8221; max_width=&#8221;90%&#8221; use_custom_width=&#8221;on&#8221; width_unit=&#8221;off&#8221; custom_width_percent=&#8221;90%&#8221;][et_pb_column type=&#8221;1_5&#8243; _builder_version=&#8221;3.19.18&#8243;][dsm_menu title=&#8221;NOSOTROS&#8221; menu_id=&#8221;3&#8243; menu_link_text_color=&#8221;#ffffff&#8221; list_style_type=&#8221;none&#8221; _builder_version=&#8221;3.21.1&#8243; header_font=&#8221;Prompt|200|||||||&#8221; menu_font=&#8221;||||||||&#8221; background_layout=&#8221;dark&#8221;][\/dsm_menu][\/et_pb_column][et_pb_column type=&#8221;1_5&#8243; _builder_version=&#8221;3.19.18&#8243;][dsm_menu title=&#8221;INTERNET&#8221; menu_id=&#8221;4&#8243; menu_link_text_color=&#8221;#ffffff&#8221; list_style_type=&#8221;none&#8221; _builder_version=&#8221;3.21.1&#8243; header_font=&#8221;Prompt|200|||||||&#8221; menu_font=&#8221;||||||||&#8221; background_layout=&#8221;dark&#8221;][\/dsm_menu][\/et_pb_column][et_pb_column type=&#8221;1_5&#8243; _builder_version=&#8221;3.19.18&#8243;][dsm_menu title=&#8221;SERVICIOS DE TELECOMUNICACIONES&#8221; menu_id=&#8221;5&#8243; menu_link_text_color=&#8221;#ffffff&#8221; list_style_type=&#8221;none&#8221; _builder_version=&#8221;3.21.1&#8243; header_font=&#8221;Prompt|200|||||||&#8221; menu_font=&#8221;||||||||&#8221; background_layout=&#8221;dark&#8221;][\/dsm_menu][\/et_pb_column][et_pb_column type=&#8221;1_5&#8243; _builder_version=&#8221;3.19.18&#8243;][dsm_menu title=&#8221;HERRAMIENTAS&#8221; menu_id=&#8221;6&#8243; menu_link_text_color=&#8221;#ffffff&#8221; list_style_type=&#8221;none&#8221; _builder_version=&#8221;3.21.1&#8243; header_font=&#8221;Prompt|200|||||||&#8221; menu_font=&#8221;||||||||&#8221; background_layout=&#8221;dark&#8221;][\/dsm_menu][\/et_pb_column][et_pb_column type=&#8221;1_5&#8243; _builder_version=&#8221;3.19.18&#8243;][dsm_menu title=&#8221;CONTACTOS&#8221; menu_id=&#8221;8&#8243; menu_link_text_color=&#8221;#ffffff&#8221; list_style_type=&#8221;none&#8221; _builder_version=&#8221;3.21.1&#8243; header_font=&#8221;Prompt|200|||||||&#8221; menu_font=&#8221;||||||||&#8221; background_layout=&#8221;dark&#8221;][\/dsm_menu][et_pb_image src=&#8221;http:\/\/www.telydata.ec\/wp-content\/uploads\/2019\/04\/arcotel_logo_bkg.png&#8221; _builder_version=&#8221;3.21.1&#8243; custom_margin=&#8221;||10px&#8221;][\/et_pb_image][et_pb_text _builder_version=&#8221;3.21.1&#8243; text_font=&#8221;||||||||&#8221; header_font=&#8221;||||||||&#8221; header_5_font=&#8221;Prompt|200|||||||&#8221; header_5_font_size=&#8221;14px&#8221; background_layout=&#8221;dark&#8221; custom_margin=&#8221;||10px&#8221; link_option_url=&#8221;\/wp-content\/uploads\/2019\/04\/Reglamento_norma_sva.pdf&#8221; link_option_url_new_window=&#8221;on&#8221;]<\/p>\n<h5>> Reglamento de normas SVA<\/h5>\n<p>[\/et_pb_text][et_pb_text _builder_version=&#8221;3.21.1&#8243; text_font=&#8221;||||||||&#8221; header_font=&#8221;||||||||&#8221; header_5_font=&#8221;Prompt|200|||||||&#8221; header_5_font_size=&#8221;14px&#8221; background_layout=&#8221;dark&#8221; custom_margin=&#8221;||10px&#8221; link_option_url=&#8221;\/wp-content\/uploads\/2019\/04\/Reglamento_abonados.pdf&#8221; link_option_url_new_window=&#8221;on&#8221;]<\/p>\n<h5>&gt; Reglamento de Abonados<\/h5>\n<p>[\/et_pb_text][et_pb_text _builder_version=&#8221;3.21.1&#8243; text_font=&#8221;||||||||&#8221; header_font=&#8221;||||||||&#8221; header_5_font=&#8221;Prompt|200|||||||&#8221; header_5_font_size=&#8221;14px&#8221; background_layout=&#8221;dark&#8221; custom_margin=&#8221;||10px&#8221; link_option_url=&#8221;\/wp-content\/uploads\/2019\/04\/Ley-Org\u00e1nica-de-Telecomunicaciones.pdf&#8221; link_option_url_new_window=&#8221;on&#8221;]<\/p>\n<h5>&gt; Ley de Telecomunicaciones<\/h5>\n<p>[\/et_pb_text][\/et_pb_column][\/et_pb_row][\/et_pb_section][et_pb_section fb_built=&#8221;1&#8243; _builder_version=&#8221;3.19.18&#8243; background_color=&#8221;#125f9e&#8221; border_width_top=&#8221;8px&#8221; border_color_top=&#8221;#ffffff&#8221; custom_padding=&#8221;0|0px|0|0px|false|false&#8221; global_module=&#8221;178&#8243; saved_tabs=&#8221;all&#8221;][et_pb_row use_custom_gutter=&#8221;on&#8221; gutter_width=&#8221;1&#8243; _builder_version=&#8221;3.22.3&#8243;][et_pb_column type=&#8221;3_5&#8243; _builder_version=&#8221;3.19.18&#8243;][et_pb_blurb use_icon=&#8221;on&#8221; font_icon=&#8221;%%236%%&#8221; icon_color=&#8221;#ffffff&#8221; icon_placement=&#8221;left&#8221; use_icon_font_size=&#8221;on&#8221; icon_font_size=&#8221;32px&#8221; _builder_version=&#8221;3.19.18&#8243; background_layout=&#8221;dark&#8221;]<\/p>\n<p><span class=\"fontstyle0\">Jos\u00e9 Arizaga E3-37 y Jorge Drom. Edificio Aristo Plaza. Piso 5, Oficina 51<br \/>Quito.<br \/><\/span><span class=\"fontstyle0\">Samanes 6, Manzana 944, Casa 34<br \/>Guayaquil, Ecuador<\/span> <\/p>\n<p>[\/et_pb_blurb][et_pb_blurb use_icon=&#8221;on&#8221; font_icon=&#8221;%%264%%&#8221; icon_color=&#8221;#ffffff&#8221; icon_placement=&#8221;left&#8221; use_icon_font_size=&#8221;on&#8221; icon_font_size=&#8221;32px&#8221; _builder_version=&#8221;3.19.18&#8243; background_layout=&#8221;dark&#8221;]<\/p>\n<p><span class=\"fontstyle0\">(593) 2 2456768 &#8211; (593) 99 833 6171<\/span> <\/p>\n<p>[\/et_pb_blurb][\/et_pb_column][et_pb_column type=&#8221;1_5&#8243; _builder_version=&#8221;3.19.18&#8243;][et_pb_text _builder_version=&#8221;3.21.1&#8243; text_font=&#8221;||||||||&#8221; background_layout=&#8221;dark&#8221; custom_margin=&#8221;3em||1em&#8221; link_option_url=&#8221;\/terminos-y-condiciones\/&#8221;]<\/p>\n<h5>T\u00e9rminos de uso<\/h5>\n<p>[\/et_pb_text][\/et_pb_column][et_pb_column type=&#8221;1_5&#8243; _builder_version=&#8221;3.19.18&#8243;][et_pb_text _builder_version=&#8221;3.21.1&#8243; text_font=&#8221;||||||||&#8221; background_layout=&#8221;dark&#8221; custom_margin=&#8221;3em||1em&#8221; link_option_url=&#8221;\/politica-de-privacidad\/&#8221;]<\/p>\n<h5>Pol\u00edtica de privacidad<\/h5>\n<p>[\/et_pb_text][\/et_pb_column][\/et_pb_row][\/et_pb_section]<\/p>\n","protected":false},"excerpt":{"rendered":"<p>[et_pb_section fb_built=&#8221;1&#8243; fullwidth=&#8221;on&#8221; _builder_version=&#8221;3.22.3&#8243; background_position=&#8221;top_center&#8221;][et_pb_fullwidth_slider show_pagination=&#8221;off&#8221; module_class=&#8221;top_slide top_slide_blue&#8221; _builder_version=&#8221;3.22.5&#8243; header_font=&#8221;||||||||&#8221; body_font=&#8221;||||||||&#8221; custom_button=&#8221;on&#8221; button_text_color=&#8221;#891333&#8243; button_bg_color=&#8221;rgba(255,255,255,0.9)&#8221; button_font=&#8221;|700|||||||&#8221;][et_pb_slide button_text=&#8221;Ver m\u00e1s&#8221; use_bg_overlay=&#8221;on&#8221; use_text_overlay=&#8221;on&#8221; text_overlay_color=&#8221;rgba(56,130,175,0.8)&#8221; _builder_version=&#8221;3.22.5&#8243; header_font=&#8221;Prompt|200|||||||solid&#8221; header_font_size=&#8221;30px&#8221; header_letter_spacing=&#8221;1px&#8221; body_font=&#8221;Prompt|100|||||||&#8221; body_text_color=&#8221;#efefef&#8221; body_font_size=&#8221;18px&#8221; body_letter_spacing=&#8221;0px&#8221; background_color=&#8221;rgba(255,255,255,0)&#8221; background_image=&#8221;http:\/\/www.telydata.ec\/wp-content\/uploads\/2019\/05\/second.jpg&#8221; parallax=&#8221;on&#8221; parallax_method=&#8221;off&#8221; custom_css_slide_title=&#8221;border-bottom:1px solid;||max-width:60%;||margin: 0px auto 10px auto;||&#8221; custom_css_slide_button=&#8221;visibility:hidden;&#8221;]Somos pasi\u00f3n. Creemos que la fuerza y que el poder del conocimiento son las mejores gu\u00edas para [&hellip;]<\/p>\n","protected":false},"author":1,"featured_media":0,"parent":74,"menu_order":0,"comment_status":"closed","ping_status":"closed","template":"","meta":{"_et_pb_use_builder":"on","_et_pb_old_content":"<!-- wp:divi\/placeholder \/-->","_et_gb_content_width":""},"_links":{"self":[{"href":"http:\/\/www.telydata.ec\/index.php?rest_route=\/wp\/v2\/pages\/102"}],"collection":[{"href":"http:\/\/www.telydata.ec\/index.php?rest_route=\/wp\/v2\/pages"}],"about":[{"href":"http:\/\/www.telydata.ec\/index.php?rest_route=\/wp\/v2\/types\/page"}],"author":[{"embeddable":true,"href":"http:\/\/www.telydata.ec\/index.php?rest_route=\/wp\/v2\/users\/1"}],"replies":[{"embeddable":true,"href":"http:\/\/www.telydata.ec\/index.php?rest_route=%2Fwp%2Fv2%2Fcomments&post=102"}],"version-history":[{"count":6,"href":"http:\/\/www.telydata.ec\/index.php?rest_route=\/wp\/v2\/pages\/102\/revisions"}],"predecessor-version":[{"id":638,"href":"http:\/\/www.telydata.ec\/index.php?rest_route=\/wp\/v2\/pages\/102\/revisions\/638"}],"up":[{"embeddable":true,"href":"http:\/\/www.telydata.ec\/index.php?rest_route=\/wp\/v2\/pages\/74"}],"wp:attachment":[{"href":"http:\/\/www.telydata.ec\/index.php?rest_route=%2Fwp%2Fv2%2Fmedia&parent=102"}],"curies":[{"name":"wp","href":"https:\/\/api.w.org\/{rel}","templated":true}]}}